{"version":"1.0","provider_name":"","provider_url":"https:\/\/luchonoticias.com\/editor","author_name":"Editor General","author_url":"https:\/\/luchonoticias.com\/editor\/author\/editor-general\/","title":"Huilenses a prevenirse contra la fiebre amarilla -","type":"rich","width":600,"height":338,"html":"<blockquote class=\"wp-embedded-content\" data-secret=\"xiPZ1v4CbM\"><a href=\"https:\/\/luchonoticias.com\/editor\/huilenses-a-prevenirse-contra-la-fiebre-amarilla\/\">Huilenses a prevenirse contra la fiebre amarilla<\/a><\/blockquote><iframe sandbox=\"allow-scripts\" security=\"restricted\" src=\"https:\/\/luchonoticias.com\/editor\/huilenses-a-prevenirse-contra-la-fiebre-amarilla\/embed\/#?secret=xiPZ1v4CbM\" width=\"600\" height=\"338\" title=\"\u00abHuilenses a prevenirse contra la fiebre amarilla\u00bb \u2014 \" data-secret=\"xiPZ1v4CbM\" frameborder=\"0\" marginwidth=\"0\" marginheight=\"0\" scrolling=\"no\" class=\"wp-embedded-content\"><\/iframe><script>\n\/*! This file is auto-generated *\/\n!function(d,l){\"use strict\";l.querySelector&&d.addEventListener&&\"undefined\"!=typeof URL&&(d.wp=d.wp||{},d.wp.receiveEmbedMessage||(d.wp.receiveEmbedMessage=function(e){var t=e.data;if((t||t.secret||t.message||t.value)&&!\/[^a-zA-Z0-9]\/.test(t.secret)){for(var s,r,n,a=l.querySelectorAll('iframe[data-secret=\"'+t.secret+'\"]'),o=l.querySelectorAll('blockquote[data-secret=\"'+t.secret+'\"]'),c=new RegExp(\"^https?:$\",\"i\"),i=0;i<o.length;i++)o[i].style.display=\"none\";for(i=0;i<a.length;i++)s=a[i],e.source===s.contentWindow&&(s.removeAttribute(\"style\"),\"height\"===t.message?(1e3<(r=parseInt(t.value,10))?r=1e3:~~r<200&&(r=200),s.height=r):\"link\"===t.message&&(r=new URL(s.getAttribute(\"src\")),n=new URL(t.value),c.test(n.protocol))&&n.host===r.host&&l.activeElement===s&&(d.top.location.href=t.value))}},d.addEventListener(\"message\",d.wp.receiveEmbedMessage,!1),l.addEventListener(\"DOMContentLoaded\",function(){for(var e,t,s=l.querySelectorAll(\"iframe.wp-embedded-content\"),r=0;r<s.length;r++)(t=(e=s[r]).getAttribute(\"data-secret\"))||(t=Math.random().toString(36).substring(2,12),e.src+=\"#?secret=\"+t,e.setAttribute(\"data-secret\",t)),e.contentWindow.postMessage({message:\"ready\",secret:t},\"*\")},!1)))}(window,document);\n\/\/# sourceURL=https:\/\/luchonoticias.com\/editor\/wp-includes\/js\/wp-embed.min.js\n<\/script>\n","thumbnail_url":"https:\/\/luchonoticias.com\/editor\/wp-content\/uploads\/2024\/07\/vacunacion-3.jpg","thumbnail_width":700,"thumbnail_height":400,"description":"La vacuna es altamente efectiva y brinda inmunidad duradera, ayuda a prevenir brotes de la enfermedad y reduce la posibilidad de transmisi\u00f3n comunitaria. Esta medida se intensifica como acci\u00f3n de respuesta ante declaratoria de alerta roja por confirmaci\u00f3n de un caso de Fiebre Amarilla en el departamento del Huila."}

La vacuna es altamente efectiva y brinda inmunidad duradera, ayuda a prevenir brotes de la enfermedad y reduce la posibilidad de transmisión comunitaria. Esta medida se intensifica como acción de respuesta ante declaratoria de alerta roja por confirmación de un caso de Fiebre Amarilla en el departamento del Huila.
